+ (0 - (1 + -1 + -2))?
-4
What is -6 + 9 - (-2 + 1 - -1)?
3
Calculate 3 + (9 - (-2 + 12)).
2
9 + -11 + (-2 - 1) + 10
5
Calculate (5 - 8) + 3 + 2.
2
Evaluate -4 - (1 - 10) - (-2 + 3).
4
Evaluate 6 + -3 - (-3 + (-2 - -3)).
5
What is (2 - (-5 + 3)) + (-6 - -6)?
4
Calculate -3 + 10 + 2 + -4.
5
What is the value of 0 - 2 - (-22 + 20)?
0
(-4 + -2 + 4 - 2) + -1
-5
Calculate (8 - 1) + (-6 + 6 - 2).
5
Evaluate 4 + -9 - (-5 + 2).
-2
Calculate 13 - ((-6 - -7) + 8).
4
What is 2 + (0 - (1 - -1)) + -1?
-1
Evaluate 0 + 8 - (-37 - -47).
-2
What is 5 + -1 + (-2 - 0)?
2
Evaluate -2 - (-2 - 0) - (-9 + 6).
3
Calculate (-1 - -4) + (7 - 9) - 3.
-2
What is 8 + (2 - 6) + 1?
5
Calculate -5 + 3 - (-6 + 8 - 12).
8
Calculate -41 - -43 - (-1 + 0 + -6).
9
-2 - (-7 - (0 - 3))
2
What is (11 - 16) + 11 - -1?
7
Calculate -4 - (6 - (14 - 6)).
-2
0 + -5 - -1 - -8
4
Calculate 4 + (6 - (15 + 3 - -1)).
-9
1 - (2 + (-1 - 1) - -5)
-4
Calculate -2 + 2 + (-14 - (3 - 12)).
-5
Evaluate -3 - ((1 - -4) + -6) - -5.
3
-3 - (-3 + 1 + -5) - 3
1
Evaluate (1 - 6 - 0) + 9 - 5.
-1
Evaluate 5 + -6 + 3 + -3.
-1
(4 - (-2 - -2)) + -5
-1
What is 10 - (-7 - (3 - 12))?
8
Evaluate 0 + (9 - -2) + -6 - 3.
2
13 - (6 - 2 - -6)
3
Calculate 6 + (0 + 4 - 6).
4
Evaluate 4 + (4 - 2) - 5.
1
What is 4 + 1 + (9 - 2 - 17)?
-5
-3 - 2 - (8 - (17 + 2))
6
Calculate -15 - (-11 + 1 + 4).
-9
Calculate 8 - 10 - (2 - 1 - 8).
5
-7 - (3 - 2 - 4)
-4
What is the value of 27 + -31 - (2 + -2 + -1)?
-3
3 + -18 + (4 - -5)
-6
What is the value of 2 - (-5 - (0 - 12))?
-5
What is the value of 4 + (2 - 2 - (3 - 3))?
4
Calculate -2 + (3 - -1) - 5.
-3
Evaluate -11 + 0 - (-60 - -56).
-7
What is 0 - (4 - (4 + -1))?
-1
-15 - (0 - 12) - -7
4
What is (0 - -4 - 2 - 3) + -2?
-3
What is -5 - (-4 + -11) - (1 + 4)?
5
Calculate (4 - -2 - -2) + (1 - 18).
-9
What is 5 + -8 - (2 - 0)?
-5
What is 0 + -1 + 4 + -6 + 6?
3
What is the value of -2 - (-6 - -2 - -5)?
-3
Calculate 0 - 0 - (-146 + 151).
-5
Calculate (0 + 2 - -8) + -6.
4
(8 - 2 - 5) + 5
6
What is the value of 0 + 4 - (-2 - (2 - 4))?
4
Calculate 0 - (-2 + 7 - 9) - 1.
3
0 + 3 + 6 + -17 + 5
-3
Calculate 12 - 9 - (-2 + 1).
4
What is the value of (6 - 7) + 3 + 1 + 6?
9
What is -5 + 2 + 2 + 7 - 4?
2
-11 + 0 + 0 + (4 - -1)
-6
What is the value of 0 + (-6 - -9) - (5 - 1)?
-1
What is (0 - 2) + 17 + -21?
-6
6 + -6 + 1 + -5
-4
Evaluate -1 + -3 + 4 + (2 - 2).
0
Evaluate -4 + 2 + 8 + 0.
6
Evaluate 9 - (-2 + 5) - (-4 + 5).
5
Evaluate (0 - -2) + -11 + 8 + -4.
-5
4 + (-4 - 0 - 3) + 1
-2
What is -3 + -3 + 2 + 0 + 4?
0
7 + -17 - -14 - 9
-5
Evaluate 6 + -4 + (3 - (-1 - 2)).
8
Calculate -5 - (4 - (-1 + 9)).
-1
Evaluate -6 + 6 + -2 + 5.
3
What is the value of 5 + (-18 - -14 - (6 + 0))?
-5
(-7 - -7) + (-2 - 1) + 8
5
Calculate 12 + -10 + -2 + 3.
3
What is the value of -3 + (2 - -6) + (0 - 0)?
5
What is 16 - (7 + -5 - -6)?
8
0 - 0 - (102 + -103)
1
What is (-4 - (7 - 9)) + -4 + 6?
0
Evaluate -1 + 0 + -39 + 44 - 3.
1
(-3 - 1) + -16 + 16
-4
What is the value of (-6 + 7 - 0) + 3?
4
(1 - (-6 + 4 + 1)) + -7
-5
Calculate -38 + 40 + -1 + 2.
3
What is the value of (-8 - 8) + 7 + 2?
-7
Evaluate -5 + 5 - (1 - (-4 + 0)).
-5
What is -2 + 5 - -5 - (2 - -1)?
5
(3 - 0) + -9 - -10
4
What is the value of -6 - (-5 + 1 + -5)?
3
Evaluate 3 + -12 - (-19 - -10).
0
Evaluate -3 - 2 - (6 + (-15 - -7)).
-3
5 - 0 - (14 - 3)
-6
Calculate (-1 - 0) + 2 + -25 + 29.
5
Calculate 3 + 0 + -7 + (0 - 1).
-5
What is the value of -9 + (1 - -8) + -3 + -2?
-5
(0 - -4) + 22 + -20
6
Evaluate 16 - 0 - (104 - 99).
11
Evaluate (-3 - -8) + 11 + -11 + 5.
10
What is 0 - (-7 + 3) - -2 - 2?
4
What is the value of 4 + -1 + 1 - (-8 + 11)?
1
What is (-13 + 7 - -4) + 1?
-1
What is the value of 41 + -38 - (4 - -1)?
-2
What is 1 - -1 - ((14 - 27) + 14)?
1
What is 0 + (9 + -6 - 5)?
-2
Evaluate -1 - (-7 - (-2 + (-9 - -7))).
2
What is the value of (3 - 5) + 5 + -1 + 3?
5
Calculate (-3 - 0) + -1 + (5 - 0).
1
What is the value of (-5 - -9) + -4 + -3?
-3
What is the value of -3 + (0 - -1) + 5?
3
What is the value of -2 + (-5 - 5) + 11?
-1
-13 + 8 + 9 + -6
-2
Evaluate 4 - (0 + 4) - -1.
1
3 - ((0 - -1) + (-4 - -2))
4
14 - (-1 - -8) - (0 - 0)
7
13 - 7 - (4 - 2)
4
Calculate 8 - 2 - 1 - 0.
5
Evaluate 7 + 6 + -7 - 4.
2
Evaluate 0 + -1 - (-4 - -4) - 1.
-2
Evaluate -7 - (-8 + (11 - 5 - 2)).
-3
Evaluate (1 - 1) + (-10 - -12).
2
-3 + 2 - (41 + -35)
-7
Calculate (0 - -1) + 5 + (-10 - -1).
-3
What is 10 + (-5 - (-3 - (-4 - -2)))?
6
7 + (-2 - -2 - 1) + -6
0
Calculate 4 + 3 + -1 + (-6 - 2).
-2
What is the value of 1 + (2 - -1) + -8 + 6?
2
What is 3 - (10 - (3 - -3) - 2)?
1
What is 1 - (5 + (-3 - -3))?
-4
Calculate 3 + 9 + -6 + -6.
0
What is -6 - (-3 + (1 - 1))?
-3
Calculate 2 + 4 + 0 + -4.
2
What is the value of -4 + 11 - 9 - 3?
-5
Calculate -7 - (-16 + 10) - (-4 - 0).
3
0 - 0 - (1 + -9 + 11)
-3
Evaluate 8 - (-7 + 0 + 11).
4
Calculate (0 + 3 - 2) + 3 + -2.
2
What is 7 + -5 + -3 + -3?
-4
Evaluate 14 + -10 + 6 + -6.
4
What is 11 - (6 + (-3 - -2)) - 2?
4
What is the value of (8 - (-1 + 20)) + 10?
-1
(3 - -3) + 2 + -10
-2
What is -18 + 4 - (-16 + 10)?
-8
What is the value of 4 - (-4 - -4 - -1 - 1)?
4
Evaluate -3 + -4 + 7 + 0.
0
-4 + -6 + 6 + 7 + -4
-1
What is 8 - (11 - (-13 + 26))?
10
Evaluate 5 + -1 - (-61 - -60).
5
Evaluate -26 - -24 - (-1 + 1 + 4).
-6
What is 5 - (4 - (-10 - -17))?
8
Calculate -6 + -2 - (7 + -10).
-5
What is the value of 4 + -1 + (-4 - 3)?
-4
Calculate 2 - ((-4 - -3) + -3 + 3).
3
5 + (5 + -2 - 10) + -4
-6
What is the value of 4 + -5 + 1 + -1 + 2?
1
(-1 - 3 - -3) + -2 - 1
-4
Calculate -9 - -7 - (4 - 0).
-6
-6 - (-6 + 4) - -1 - -7
4
What is -4 + 2 + 5 + -1 + -1?
1
5 + (-5 - (-7 + 3))
4
What is (-118 - -108) + (4 - -1 - 2)?
-7
What is (2 - 4) + 13 + -18 + 16?
9
What is (-1 - 5) + 9 + 4 - 5?
2
Evaluate 6 + (-11 - (-2 + 1)).
-4
8 - -5 - ((0 - 2) + 4)
11
Evaluate (3 - 0) + -7 + 2 + 4.
2
What is (-3 - -3) + (0 - 2)?
-2
What is the value of 8 + -7 + -5 + 7?
3
What is the value of 4 + -4 + -4 - -5?
1
What is (0 - -2) + -7 + 7 + 0?
2
Evaluate -5 + 3 - (-4 - (-3 - -1)).
0
What is the value of 4 + 13 + (-6 - 4)?
7
What is (2 - 15) + 5 - -3?
-5
What is the value of -5 - (-1 + 3 + -6 + 2)?
-3
5 - ((12 - 6) + -5 + 5)
-1
-12 - 5 - 4 - -10
-11
What is 3 + -4 - -4 - 0?
3
What is the value of -3 - (1 - (10 + -5))?
1
What is the value of (1 - (7 - 11)) + -2?
3
What is the value of (3 - (-2 + -3)) + -4 + 0?
4
What is the value of 4 + (-2 - (-6 - -3))?
5
What is -8 + 3 + 8 - 4 - -10?
9
What is the value of -3 + 2 - (-6 - (2 - 9))?
-2
5 - (11 + 0 - -4)
-10
What is -3 - ((-6 - -10) + -5)?
-2
Calculate (-4 - -8) + -4 + -16 + 21.
5
Calculate -1 - (-2 - (5 + -2)).
4
0 - (0 - (2 + 2))
4
Evaluate 4 - 1 - 0 - 1.
2
What is the value of -7 - ((1 - 9) + 1)?
0
What is the value of -2 + -9 + (-1 - 0) + 7?
-5
-14 - 2 - (17 - 3 - 20)
-10
What is 4 + (1 - 0) + -1?
4
3 - (3 + -4) - -1
5
Evaluate (-1 - 5 - 0) + 8.
2
Calculate 1 - (17 + -7 + -12).
3
What is the value of (2 - 3 - (-1 - -1)) + 0?
-1
Evaluate 6 + (4 + 0 - 8).
2
What is 5 + (-2 - 0) + -4 + -3?
-4
-7 + (2 - 6 - -8) - -11
8
Evaluate 3 + 1 + -2 + 0.
2
Evaluate -1 + -3 - (0 + -9).
5
(3 - 3) + 1 + 0 - 0
1
Evaluate (-129 - -125) + -1 + 2 + -1.
-4
Evaluate (18 - 1) + -7 - 5.
5
Evaluate (-1 - -1) + 0 + -6.
-6
What is the value of 1 + 0 - ((-1 - -5) + -1)?
-2
Evaluate -4 - (-10 - -11 - 2).
-3
What is the value of -4 + (4 - (2 - -2))?
-4
Evaluate (6 - (4 - -6)) + 0.
-4
Evaluate -4 + 0 + (7 - (-1 + 8)).
-4
What is the value of -3 + (-6 - -1 - -6)?
-2
What is the value of (2 - (7 - 4)) + 2 + -5?
-4
What is the value of -3 + 3 - 7 - (82 - 79)?
-10
What is -4 + (-10 - -4) + 7?
-3
Evaluate -7 + -10 + 24 + -11.
-4
(7 - 1) + 0 - 0 - 3
3
What is the value of 10 + -2 + 1 + -9?
0
Calculate -2 + -2 - 0 - 0.
-4
What is (-2 - (1 + -1)) + -2 + 2?
-2
What is -9 + (7 - -1) - -9?
8
Evaluate -2 - (3 + (7 - 7)).
-5
-11 + (2 - (-1 - -4 - 6))
-6
Evaluate 15 - (0 + -8 + 22).
1
What is -5 + 13 + -7 + -7?
-6
What is the value of (3 - -1) + 0 + -3 + -1?
0
What is the value of 1 + -8 + -4 + 9?
-2
What is the value of 0 + -3 - (0 + 0)?
-3
Calculate 13 + (10 - (-9 - -28)).
4
Calculate 5 + -3 + -2 - (-1 + 4).
-3
-8 - (4 - (-6 - (-4 - 8)))
-6
Calculate -1 + -7 - (1 + -6).
-3
Evaluate 1 - (7 + (-9 - -11)).
-8
What is the value of -2 - (-4 + -1 + 7 - 3)?
-1
15 + -15 + 2 + (-1 - 2)
-1
(-105 - -116